nd q?
6
Suppose -279 = -2*l - 15. Let f(o) = -o**2 + 7*o + 5. Let u be f(7). Let y be 7/((-7)/u)*(-12)/5. What is the highest common divisor of y and l?
12
Suppose 3*t + 15 = 9. Let y be (0 + 1)*(-12)/(-3). Let c = t + y. Calculate the highest common factor of 3 and c.
1
Suppose -4*u = -3*u - 2. Suppose -3*z = u*z - 10. Suppose z*r - 7*x + 3*x = 356, -4*r + 4*x = -696. What is the greatest common factor of 17 and r?
17
Let b be -1885 + (0 - -16)/4. Let y be b/12 - 6/(-8). Let c be y/(-8) - 4/(-8). Calculate the highest common factor of c and 5.
5
Let o = 23 + -20. Suppose w + o = 4*w. Let p = 1 + w. Calculate the highest common divisor of p and 1.
1
Let y = 127 + 593. Suppose 4*m - y = -0*m. Calculate the greatest common factor of 72 and m.
36
Suppose 5*q + 7 = -x, -6*q - 29 = -3*x - 11*q. Calculate the greatest common divisor of x and 297.
9
Let n = 3 + 0. Suppose n*y = 3*h - 9, -2*y + 2 = -0. Suppose 2*u - 44 = -h*d, -3*u = -5*d + 25 + 19. Calculate the greatest common divisor of d and 30.
10
Suppose -3*q - 93 = -3*y + 219, 5*y = -2*q + 485. What is the greatest common divisor of 1056 and y?
33
Let i(w) = -w**3 + 7*w**2 - 2*w + 3. Let j be i(6). Let g be ((-18)/4)/(1/(-24)). What is the greatest common factor of g and j?
27
Let s be (2925/(-20))/(-15)*8/6. Let o = -4 + 5. Let v be (o + 12)/(3/12). Calculate the greatest common divisor of v and s.
13
Suppose 0 = -2*d - 4*t, 2*t = 5*d - 2 - 10. Let l(m) = -86 - m**d - 3*m + 13*m + 100. Let y be l(10). Calculate the highest common factor of y and 2.
2
Let c be 100/8*56/10. What is the highest common factor of 280 and c?
70
Let i = -872 + 878. Calculate the greatest common divisor of i and 114.
6
Let t = 33 + -11. Let h be (t/(-8) - -2)*-32. Suppose -4*n = -3*x - 0*x + 21, 3*n + h = 5*x. What is the greatest common divisor of 9 and x?
3
Let v be 2*(-22)/(-3)*6. Let l(j) be the second derivative of -5*j**3/6 - 3*j**2/2 - 18*j. Let w be l(-5). What is the highest common factor of w and v?
22
Let c(r) = 3*r**2 + 8*r - 27. Let y be c(-6). What is the highest common divisor of y and 3?
3
Let t = 35 + -26. Suppose 234 - 54 = 4*k. Calculate the highest common divisor of t and k.
9
Suppose 223 = m + 2*p, -3*m + 677 = -24*p + 28*p. Suppose a = 6*a. Suppose 16 = 4*d, -4*u + 8*u - 2*d - 76 = a. Calculate the greatest common factor of m and u.
21
Let c be -2*(38 + -2)/(-2). Let z(m) = -m**2 - 12*m - 17. Let k be z(-9). Let w be (-5)/k*9*-4. Calculate the highest common factor of w and c.
18
Suppose -5*p + 6*p + 1 = 0. Let s be ((-252)/(-48))/((-22)/(-16) + p). Let a be 35/(-4)*(1 - 5). Calculate the highest common divisor of a and s.
7
Suppose 0 = -8*s - 68 + 12. Let q be ((-35)/2)/s*(31 - 3). What is the greatest common factor of q and 14?
14
Suppose -500 = -0*t - 5*t. Let y(o) = -o**2 + 69*o + 557. Let k be y(-7). Calculate the greatest common divisor of k and t.
25
Let y be (-1)/4 - 291/(-12). Let h(n) = -n**2 + 5*n + 656. Let d be h(-23). What is the highest common divisor of y and d?
12
Let t(f) = -f. Let p(y) = 5*y + 5. Let n(u) = -p(u) - t(u). Let a be n(-2). Suppose a*m = 4*m - 3. What is the greatest common factor of 27 and m?
3
Let v(z) = 18*z - 29. Let q be v(10). Let a = -9 + 14. Suppose 0 = -a*m + 49 + q. What is the greatest common divisor of m and 60?
20
Let z be (-70)/8*(-8 - 4). Let w be 1 + 2/((-6)/9). Let p be z/9 + w/(-6). Calculate the highest common factor of p and 6.
6
Suppose 3*f - 2*l - 280 = 0, 2*f + 3*l - 96 = 69. What is the greatest common divisor of 36 and f?
18
Let l = 613 - 424. What is the greatest common factor of l and 54?
27
Let t = -40 - -35. Let a be 10/t + 2 + 4. Calculate the highest common divisor of 8 and a.
4
Let v = -22 + 36. Let r(s) be the third derivative of s**5/30 + s**4/6 + s**3/6 + 4*s**2. Let u be r(-3). Calculate the highest common divisor of u and v.
7
Let s = 182 - 161. What is the greatest common divisor of 15 and s?
3
Let z(x) = 2*x - 24. Let l be z(14). Calculate the greatest common divisor of l and 13.
1
Suppose 3*f + 2 = 4*h, 3*h - 3*f = 6*h - 12. Let d(w) = h - 2*w + 12*w + 2. Let n be d(4). What is the greatest common factor of 4 and n?
4
Suppose -16*n + 35*n - 7182 = 0. Calculate the greatest common factor of 14 and n.
14
Let r = 97 + -33. What is the greatest common factor of r and 576?
64
Suppose -278 = -2*m + 5*z, 0 = -m - 2*m + 5*z + 422. Calculate the highest common divisor of m and 128.
16
Suppose 2*c - 4*f + 8 = 6*c, -8 = 4*f. Suppose -3*j + 204 = 4*v, -2*j + 3*v - c*v = -141. What is the greatest common factor of j and 9?
9
Suppose 79 = 3*g + m, -m + 6 = -4*m. Let w(c) = -52*c - 15. Let v be w(-6). Calculate the greatest common factor of v and g.
27
Let t(d) = 3*d**2 + 3*d + 26. Let f be t(6). What is the highest common factor of 8 and f?
8
Let i be ((-10)/(-6))/(2/48). Let u = 75 - i. Let j = -114 - -289. Calculate the greatest common divisor of u and j.
35
Let m = 388 + -366. Let g = -12 - -23. Calculate the greatest common factor of m and g.
11
Suppose 30*a + 9*a - 234 = 0. Let f(y) = -14*y + 2. Let p be f(-2). Calculate the highest common factor of a and p.
6
Let d = 14 - -1. Let c be 4*(3 - (-69)/(-6)). Let h = -19 - c. Calculate the highest common factor of d and h.
15
Suppose -7*j + 197 + 629 = 0. Let m = j - 108. What is the highest common factor of 50 and m?
10
Suppose -6 = -3*i, -2*i + 30 = 2*b - 5*i. Let j = 5331 + -5259. Calculate the greatest common divisor of b and j.
18
Suppose -3*x + 13 = -20. What is the greatest common factor of 957 and x?
11
Let x = 29 - 17. Suppose -122*y + 115*y + 210 = 0. Calculate the greatest common factor of x and y.
6
Let q be (-4 - -1)/(7 + (-170)/25). Let w be (-110 + q)*(-3)/5. What is the highest common divisor of 30 and w?
15
Suppose 5*q - 75 = 2*q. Suppose -1465 = -r + 3*z - 1308, -4*z = 4*r - 724. What is the greatest common divisor of q and r?
25
Suppose 3*x + t - 12 = 0, 4*x - x - 12 = -4*t. Let v be 3 - (1 + (3 - x)). What is the highest common divisor of 15 and v?
3
Let j(q) = 260*q - 20. Let c be j(1). What is the highest common factor of c and 30?
30
Let d(p) = -p - 5. Let l be d(-8). Suppose 6*i = y + 2*i + 20, 0 = -l*y + 3*i - 24. Let u be (120/9)/(y/(-12)). Calculate the highest common factor of u and 5.
5
Let r = 47 + -43. What is the greatest common divisor of 66 and r?
2
Let v(b) = 9*b**2 + b - 1. Let z be v(2). Let h = z - 33. Suppose 11*u = h*u + 462. Calculate the highest common divisor of u and 6.
6
Let s = 2755 + -1820. Calculate the highest common factor of 110 and s.
55
Suppose -3*d = 2*d + 3*p - 31, -2*d + 5*p + 31 = 0. Suppose 5*v - 2*c - 104 = 0, -3*c + d*c + 10 = 0. Calculate the greatest common divisor of v and 30.
10
Let b(z) = z - 2. Let j be b(5). Suppose -87 = -j*a + 12. Suppose 4*m = 3*y + a, m - 3*y = -5 + 2. What is the highest common factor of 2 and m?
2
Suppose 0 = 3*d - 6, 6*d = 2*p + 10*d - 32. What is the highest common divisor of 5 and p?
1
Let w = 1991 - 1930. Calculate the greatest common factor of w and 2989.
61
Let v(z) = -z - 2. Let t be v(-8). Let i be 8/12 - (-590)/t. Suppose 0 = 2*g - 111 - i. Calculate the highest common divisor of g and 15.
15
Let o = -1705 - -1723. Suppose -3*k + 0*q + 104 = 4*q, 0 = -5*k - q + 179. Calculate the highest common factor of k and o.
18
Let o = -28 - -42. Let g(j) = j + 70. Let f(w) = -w. Let z(t) = 4*f(t) + g(t). Let a be z(0). Calculate the greatest common factor of a and o.
14
Let l = 42 + 46. Let g = 8 + -7. Suppose -f + 4 = -3*s - g, 3*f = s + 31. What is the highest common factor of l and f?
11
Let g be 12/(-14) + 82/14. What is the greatest common divisor of 115 and g?
5
Suppose 3*d = 5*n, 6*n - 5*d + 10 = n. Suppose 0 = -2*c + c + n. Suppose 3*j - y = 37, -c*y + 2*y - 26 = -2*j. What is the highest common factor of 11 and j?
11
Let u = -29 + 24. Let j = u - -18. Let r(y) = -5*y - 11. Let l be r(-10). What is the greatest common divisor of j and l?
13
Let f = 60 - 57. Suppose f*i = -4*k - 0*i + 108, -i = 0. Calculate the greatest common divisor of 18 and k.
9
Suppose 2*w + 328 = -g + 4*g, 2*g = 4*w + 208. Let v = g - 96. What is the greatest common factor of 64 and v?
16
Suppose 35*o - 38*o - i + 98 = 0, -170 = -5*o + 5*i. Let n = 1 - 3. Let h be n/7 - (-158)/14. What is the highest common factor of 